 is divided by ((-6)/(-2) - (3 + 1))*-7.
4
Let j = 22 - -43. Calculate the remainder when 519 is divided by j.
64
Let u(m) = m**2 - 2*m - 1. Let f be u(3). Suppose -f*y + 30 = -40. Calculate the remainder when y is divided by 13.
9
Let o(r) = 206 - 120 - 41*r - 122. What is the remainder when o(-3) is divided by 13?
9
Let w = -248 - -287. Calculate the remainder when w is divided by 52/5 + 2/(-5).
9
Calculate the remainder when 57 is divided by ((-40)/140)/((-4)/252).
3
Let b = 1115 + -515. Calculate the remainder when 81 is divided by 6/(-27) - b/(-27).
15
Suppose 9 - 73 = -4*q. Suppose 6*n - q = -2*n. What is the remainder when n is divided by 1?
0
Suppose 19*j - 22*j + 3 = 0. Suppose -7 = -2*o - j. What is the remainder when 5 is divided by o?
2
Suppose 0 = 5*b - 7 - 13. Let v be ((-2)/6)/(b/36). Let i(t) = 3*t**2 + t - 3. What is the remainder when 41 is divided by i(v)?
20
Let z(b) = -b**3 + 25*b**2 - 21*b + 1. Let j be z(24). Suppose 17 = -2*t + j. Calculate the remainder when 80 is divided by t.
24
Suppose 0 = -h - 2*p - 0*p + 101, 3*p + 294 = 3*h. Suppose f + 5*z - 2 = 7, 5*f - 2*z - h = 0. Calculate the remainder when f is divided by 14/(-4)*(5 - 7).
5
Let q = -418 + 755. Suppose 168 = 5*a - q. What is the remainder when a is divided by 35?
31
Let c(z) = -5*z + z - 1 - 3 + 2*z. Suppose 2*q = 3 - 17. Calculate the remainder when 37 is divided by c(q).
7
Let d(t) = 2*t + 3. Calculate the remainder when 65 is divided by d(7).
14
Let s(o) = -2*o + 57. What is the remainder when 3 is divided by s(28)?
0
Let t = -4 + 7. Suppose -9 + 71 = 31*i. Suppose 115 = i*m + t*m. What is the remainder when 67 is divided by m?
21
Suppose 3*n + 13*n - 3456 = 0. Calculate the remainder when n is divided by 44.
40
Suppose -2*g - 454 = g + u, 608 = -4*g - 2*u. Let w = g - -175. What is the remainder when w is divided by 2?
1
Suppose 5*d + 2*n = 7*n, 4*n = 3*d + 5. What is the remainder when 107 is divided by d?
2
Let q(x) = x + 18. Let w(k) = -2*k - 36. Let s(u) = 9*q(u) + 4*w(u). Calculate the remainder when 52 is divided by s(0).
16
Let v be (1026/15)/(0 - (-1)/5). Suppose 2*w = -7*w + v. Calculate the remainder when 70 is divided by w.
32
Let c(h) = -2*h - 1. Let b be c(4). Suppose 143 = 19*q - 8*q. What is the remainder when 6/b - 154/(-6) is divided by q?
12
Let d(k) = -k**3 + 8*k**2 - 7*k + 1. Suppose 3*u - 126 = u. Let p be (u/(-12))/3*-4. Calculate the remainder when 3 is divided by d(p).
0
Let q be (-35)/28 - 6/8. Let r be 3 - (q + 0 + 5). Suppose r*b + 48 = 2*b. What is the remainder when b is divided by 9?
6
Let j be 1/(1*(-4)/(-8)). Suppose -3 = -3*k - f + 15, -j*f = 4*k - 22. Calculate the remainder when 17 is divided by k.
3
Let s(x) = 4*x**2 + 3. Calculate the remainder when s(-3) is divided by (-1 - 1*-8)*(34 - 31).
18
Let k(l) = -2 + 3*l + 0*l - 7*l. What is the remainder when (-57)/646 - (-17208)/816 is divided by k(-2)?
3
Let v(p) = p**3 - 7*p**2 + 5*p - 2. Let k be v(6). Calculate the remainder when 119 is divided by (-5)/20 + (-242)/k.
29
Let g(h) = h + 11. Suppose 0*y + 2*y = 0. Suppose 0 = 3*i + 25*i - 84. Calculate the remainder when g(y) is divided by i.
2
Let t be 1/(-2)*(-2 - 6). Suppose 0 = 8*f - 6*f - t. Suppose -3*c = -5*j - 61, -11 + 51 = f*c - 3*j. What is the remainder when 66 is divided by c?
15
Suppose -p + 23 = 4*s, 0 = 5*p - 2*s - 54 - 105. Let w be (52/(-10) - -5) + (-216)/(-5). Let a = w - p. What is the remainder when 22 is divided by a?
10
Let r(b) = 13*b**2 - 3*b - 1. Let p be r(3). Let l = p + -58. Calculate the remainder when l is divided by 1 - 10/6 - 8109/(-459).
15
Let q(l) = -2*l**3 - 4*l**2 - 5. Suppose 3 = -n - 1. Suppose 3*h + 0*h + 2*y = 54, -5*y = 15. Calculate the remainder when q(n) is divided by h.
19
Suppose -3*x + 14 = 2. Suppose -o + 6 = -x*o. Let g = o - -17. Calculate the remainder when 72 is divided by g.
12
Let f(x) = -7*x - 35. Let z be f(-14). Let w = -36 + z. What is the remainder when w is divided by 11?
5
Let t = 53 - 49. Suppose -t*o + 452 = 120. What is the remainder when o is divided by 4*(1 + (-34)/(-8))?
20
Calculate the remainder when 164 is divided by (-2)/(-3 - 66/(-24)).
4
Let m = -153 + 187. Calculate the remainder when m is divided by 16.
2
Suppose 3*z + 2*p + p - 189 = 0, 2*p = 0. Suppose -2*r - r = -z. What is the remainder when (-9)/(-15) - 13/((-130)/814) is divided by r?
19
Let b = -45 - -42. Let r(s) = -24*s - 4. Calculate the remainder when r(b) is divided by 8.
4
Suppose 3*i = 12*i - 252. Suppose 0 = -7*g + 98 + i. What is the remainder when g is divided by 5?
3
Let n = 3 + 5. Suppose -3*i = 2*i - 95. Let o = -6 + i. What is the remainder when o is divided by n?
5
Let y(h) = -19*h - 74. Calculate the remainder when 270 is divided by y(-6).
30
Suppose -6*p + 230 = -250. What is the remainder when p is divided by 14?
10
Let m be -3 - (3 + -4 + -2). Suppose -3*q + 4*i = 3*i - 20, -5*q + i + 34 = m. What is the remainder when 74 is divided by q?
4
Suppose a - 40 = -4*a + 5*g, 3*a = -g + 12. Suppose -5*h = -5, 0*r - 4*r + a*h + 19 = 0. Let w = 1 - -22. What is the remainder when w is divided by r?
5
Suppose 0*k = -4*k. Suppose -5*m + 75 = -k*m. Suppose 4*g - m = 77. What is the remainder when g is divided by 7?
2
Let k = -1 - -4. Suppose -5*x + 2*h + 7 = -8, 0 = 3*h. Suppose -x*b + 8*b = 50. Calculate the remainder when b is divided by k.
1
What is the remainder when 285 is divided by (-4)/(-20) - 1590/(-50)?
29
Let t(d) = d - 6. Let a be t(8). Suppose -920 = a*j - 7*j. Suppose j = 4*c + 5*v, -3*v - 2*v = -c + 71. What is the remainder when c is divided by 13?
12
Suppose 11*i + 285 = 890. What is the remainder when 163 is divided by i?
53
Suppose -4*y - 86 = 5*k - 0, -2*k + 2*y - 20 = 0. Let f = -12 - k. Suppose 0 = f*x - 5*x + 36. What is the remainder when 45 is divided by x?
9
Calculate the remainder when 26 is divided by (-30)/(-50) + 92/5.
7
Let d be 0 + (1 - 2)*-1 + -2. Calculate the remainder when 72 is divided by (-6)/21 + d + 142/7.
15
Suppose -3*j + 97 = b, 38*b - 39*b = 2*j - 66. What is the remainder when j is divided by 20?
11
Let z = 1242 - -1257. What is the remainder when z/126 + (-1)/(-6) is divided by 11?
9
Suppose -33 = -3*f - 4*o, -3*f + 6*f = o + 48. Let c = -62 + 31. Let w = 59 + c. Calculate the remainder when w is divided by f.
13
Let f(y) = y**3 + 38*y**2 + 2*y + 101. Calculate the remainder when 110 is divided by f(-38).
10
Suppose -5*f + 3*t + 667 + 302 = 0, t = -5*f + 957. What is the remainder when f is divided by 14?
10
Let l(h) = h + 10. Let a(w) = 1. Let i(z) = 5*a(z) - l(z). Suppose d = 5*j - 2, -2*d - 2*d = -j - 11. Calculate the remainder when i(-11) is divided by d.
0
Suppose -40*h - 29 + 161 = -7*h. Suppose c = 6*c - 135. Suppose -c + 7 = -4*u. What is the remainder when u is divided by h?
1
Let p = 1191 + -1101. What is the remainder when p is divided by 31?
28
Suppose 3*z + g = 139, -2*z - g - 2*g = -95. Calculate the remainder when 103 is divided by z.
11
Let a(v) = -6*v**3 + 5*v**2 + v + 6. Calculate the remainder when a(-3) is divided by 53.
51
Let m = 3304 - 3287. Let w = -25 - -36. What is the remainder when m is divided by w?
6
Suppose 4*z + 5*k = -13, 10*z - 5*z + 5 = -4*k. Suppose 4*i - 12 = 0, z*b + i - 3 = 4*i. What is the remainder when 25 is divided by b?
1
Suppose -3*l = -k - 25, 5*k - 7*k = -3*l + 20. Calculate the remainder when 69 is divided by l.
9
Suppose -52*p = -51*p - 56. Calculate the remainder when 186 is divided by p.
18
Suppose -4 = 5*f - 19. Suppose 2*s - f = 3. What is the remainder when 6 - (2 + -2 + 0) is divided by s?
0
Let y = 134 + -97. Let q = -11 + 15. Calculate the remainder when y is divided by q.
1
Suppose -16 = 79*o - 87*o. What is the remainder when 22 is divided by o?
0
Let o(w) = -w**3 - 6*w**2 + 16*w + 5. Let z be o(-8). Suppose z*l = 73 + 17. What is the remainder when 31 is divided by l?
13
Let p(g) = g**2 + 3*g + 29. What is the remainder when 111 is divided by p(-6)?
17
Let q be (-3)/((-2)/(12/9)). Suppose 0*z - 3*n + 2 = 5*z, -z + 3 = -q*n. What is the remainder when (-2 + 1)/(z/(-16)) is divided by 9?
7
Let a(y) = 22 + 7*y**2 + y**3 + 0*y + 0*y - y + 10*y. Let o = 62 - 43. Calculate the remainder when o is divided by a(-6).
3
Suppose 4*v + 3*d = 903 - 328, 0 = -2*v - 4*d + 300. Suppose 